e millions digit of 1361573096?
1
What is the hundred thousands digit of 2820826374?
8
What is the thousands digit of 346564700?
4
What is the tens digit of 249981686?
8
What is the hundred millions digit of 899415063?
8
What is the thousands digit of 11083852?
3
What is the units digit of 64460907?
7
What is the millions digit of 146480539?
6
What is the hundreds digit of 727645692?
6
What is the units digit of 26511304?
4
What is the tens digit of 86638591?
9
What is the thousands digit of 41548827?
8
What is the thousands digit of 699138668?
8
What is the thousands digit of 18732905?
2
What is the hundred thousands digit of 305705475?
7
What is the millions digit of 91056381?
1
What is the thousands digit of 1066436320?
6
What is the units digit of 1143639924?
4
What is the hundred millions digit of 1426452667?
4
What is the tens digit of 4124250203?
0
What is the tens digit of 184248148?
4
What is the ten millions digit of 976313709?
7
What is the tens digit of 2711521265?
6
What is the hundreds digit of 58258874?
8
What is the tens digit of 22027416?
1
What is the ten thousands digit of 1582778319?
7
What is the hundred thousands digit of 193486011?
4
What is the thousands digit of 342231604?
1
What is the hundred thousands digit of 252708973?
7
What is the ten millions digit of 480424014?
8
What is the ten thousands digit of 37313020?
1
What is the tens digit of 372612764?
6
What is the hundreds digit of 82308572?
5
What is the ten thousands digit of 570669980?
6
What is the ten millions digit of 89846199?
8
What is the hundred thousands digit of 2705555286?
5
What is the hundred thousands digit of 60897942?
8
What is the units digit of 5510956?
6
What is the thousands digit of 2965652193?
2
What is the tens digit of 441126914?
1
What is the tens digit of 833153227?
2
What is the ten thousands digit of 97334644?
3
What is the millions digit of 30980928?
0
What is the tens digit of 7448382190?
9
What is the units digit of 180569933?
3
What is the hundreds digit of 1899237054?
0
What is the hundred thousands digit of 20113378?
1
What is the thousands digit of 86885052?
5
What is the tens digit of 2209725196?
9
What is the millions digit of 5061279?
5
What is the millions digit of 43234293?
3
What is the hundred millions digit of 2039272567?
0
What is the ten thousands digit of 1041382399?
8
What is the units digit of 760561906?
6
What is the ten millions digit of 187510912?
8
What is the ten millions digit of 148348025?
4
What is the hundred thousands digit of 774207698?
2
What is the hundred millions digit of 242035584?
2
What is the hundred thousands digit of 61995697?
9
What is the units digit of 193007050?
0
What is the units digit of 588769?
9
What is the ten thousands digit of 6638118176?
1
What is the hundred thousands digit of 1405235644?
2
What is the thousands digit of 313257733?
7
What is the hundred thousands digit of 319857077?
8
What is the hundreds digit of 35341444?
4
What is the thousands digit of 442763791?
3
What is the thousands digit of 48218286?
8
What is the thousands digit of 406393189?
3
What is the tens digit of 266827905?
0
What is the ten millions digit of 351457645?
5
What is the units digit of 2874687096?
6
What is the hundreds digit of 152900333?
3
What is the hundreds digit of 67044733?
7
What is the tens digit of 524092858?
5
What is the ten millions digit of 36730553?
3
What is the hundreds digit of 341402467?
4
What is the ten thousands digit of 1085554?
8
What is the units digit of 953763935?
5
What is the hundreds digit of 162091141?
1
What is the hundred millions digit of 2669434470?
6
What is the ten millions digit of 48247227?
4
What is the ten millions digit of 1240192020?
4
What is the ten millions digit of 242602059?
4
What is the units digit of 842465096?
6
What is the tens digit of 472747756?
5
What is the ten millions digit of 903952825?
0
What is the thousands digit of 5429677043?
7
What is the hundred thousands digit of 55969629?
9
What is the hundred thousands digit of 351780483?
7
What is the tens digit of 127735394?
9
What is the hundred thousands digit of 168423134?
4
What is the tens digit of 96730623?
2
What is the units digit of 83360589?
9
What is the tens digit of 367542259?
5
What is the hundreds digit of 864715705?
7
What is the ten thousands digit of 441792948?
9
What is the hundreds digit of 8549575?
5
What is the thousands digit of 8634774440?
4
What is the thousands digit of 8211982?
1
What is the thousands digit of 43944942?
4
What is the hundred thousands digit of 39019012?
0
What is the ten thousands digit of 675247386?
4
What is the thousands digit of 19956293?
6
What is the ten thousands digit of 66005542?
0
What is the hundred thousands digit of 346380598?
3
What is the hundred thousands digit of 140195719?
1
What is the millions digit of 46492211?
6
What is the thousands digit of 380599583?
9
What is the millions digit of 21341057?
1
What is the hundred millions digit of 1466071250?
4
What is the ten thousands digit of 277337107?
3
What is the units digit of 4784327278?
8
What is the units digit of 38696889?
9
What is the tens digit of 18819301?
0
What is the units digit of 42238633?
3
What is the hundreds digit of 797084844?
8
What is the ten thousands digit of 36706281?
0
What is the ten millions digit of 741816825?
4
What is the ten millions digit of 309134293?
0
What is the thousands digit of 28290503?
0
What is the units digit of 2283281057?
7
What is the units digit of 19770718?
8
What is the millions digit of 287619745?
7
What is the hundred millions digit of 1212526192?
2
What is the thousands digit of 466827769?
7
What is the hundreds digit of 82797419?
4
What is the tens digit of 63891141?
4
What is the hundreds digit of 985582836?
8
What is the hundreds digit of 280661262?
2
What is the tens digit of 213893477?
7
What is the units digit of 293575692?
2
What is the millions digit of 30655193?
0
What is the thousands digit of 31720517?
0
What is the tens digit of 135062648?
4
What is the millions digit of 1384551368?
4
What is the ten thousands digit of 5789360?
8
What is the millions digit of 194424400?
4
What is the ten millions digit of 210991820?
1
What is the hundred millions digit of 825797228?
8
What is the hundred thousands digit of 468042672?
0
What is the hundred thousands digit of 15465739?
4
What is the units digit of 88614200?
0
What is the hundreds digit of 696602489?
4
What is the ten millions digit of 2830226209?
3
What is the units digit of 5840483?
3
What is the thousands digit of 26536132?
6
What is the units digit of 6084835226?
6
What is the units digit of 2959348?
8
What is the hundred millions digit of 158082358?
1
What is the units digit of 61524910?
0
What is the units digit of 536216857?
7
What is the ten thousands digit of 969199018?
9
What is the ten thousands digit of 268350303?
5
What is the ten thousands digit of 3694310336?
1
What is the units digit of 406758474?
4
What is the units digit of 1418482788?
8
What is the ten thousands digit of 27370944?
7
What is the units digit of 1514681256?
6
What is the units digit of 5608020357?
7
What is the units digit of 63490865?
5
What is the hundreds digit of 3021408?
4
What is the ten thousands digit of 154716999?
1
What is the thousands digit of 714716545?
6
What is the tens digit of 133184976?
7
What is the millions digit of 5188364774?
8
What is the thousands digit of 45835328?
5
What is the units digit of 2506074256?
6
What is the tens digit of 4650708152?
5
What is the millions digit of 39870904?
9
What is the millions digit of 9105421585?
5
What is the ten thousands digit of 106678279?
7
What is the millions digit of 247884207?
7
What is the millions digit of 1941041086?
1
What is the hundreds digit of 483900684?
6
What is the hundreds digit of 78118057?
0
What is the hundred millions digit of 125108897?
1
What is the ten thousands digit of 278622664?
2
What is the ten thousands digit of 231133088?
3
What is the units digit of 9246799?
9
What is the units digit of 2499788837?
7
What is the hundreds digit of 1596169?
1
What is the units digit of 491215240?
0
What is the ten millions digit of 395091309?
9
What is the ten thousands digit of 2764856070?
5
What is the thousands digit